{"id":3084,"date":"2018-07-03T10:39:41","date_gmt":"2018-07-03T08:39:41","guid":{"rendered":"https:\/\/lovingmaldivas.es\/?page_id=3084"},"modified":"2024-10-30T15:36:51","modified_gmt":"2024-10-30T15:36:51","slug":"aviso-legal-condiciones-uso","status":"publish","type":"page","link":"https:\/\/lovingmaldivas.es\/index.php\/aviso-legal-condiciones-uso\/","title":{"rendered":"Aviso legal y condiciones de uso"},"content":{"rendered":"<p>La utilizaci\u00f3n de este Sitio Web est\u00e1 sujeta a las presentes condiciones de uso, debiendo el usuario leerlas detenidamente.<\/p>\n<p>El hecho de acceder a la web y\/o a la aplicaci\u00f3n y utilizar los materiales contenidos en ella implica que usted ha le\u00eddo, conoce y acepta sin reserva alguna de estas condiciones, debiendo acceder peri\u00f3dicamente a \u00e9stas para su conocimiento, pues las mismas podr\u00e1n ser modificadas por parte del titular del sitio web.<\/p>\n<p><strong><u>DATOS IDENTIFICATIVOS<\/u><\/strong><\/p>\n<p>En cumplimiento del deber de informaci\u00f3n recogido en el art\u00edculo 10 de la Ley 34\/2002, de 11 de julio, de servicios de la sociedad de la informaci\u00f3n y de comercio electr\u00f3nico (LSSICI) se facilitan los datos de informaci\u00f3n general del presente sitio web:<\/p>\n<p>El titular del presente sitio web es RUB\u00c9N GALLEGO AROSTEGUI (en adelante, LOVING MALDIVAS), con DNI 46066010-T, con domicilio en Passatge de les Sorres 6, Baixos 2 de Torrelles de Llobregat (Barcelona), con C\u00f3digo Postal 08629. La direcci\u00f3n de correo electr\u00f3nico de contacto es: <a href=\"mailto:hola@lovingmaldivas.es\">hola@lovingmaldivas.es<\/a><\/p>\n<p>El presente aviso legal regula el uso del dominio web <a href=\"http:\/\/www.lovingmaldivas.es\">www.lovingmaldivas.es<\/a><\/p>\n<p>(en adelante, el \u201csitio web\u201d), ya sea con su actual denominaci\u00f3n o con cualquier otra con la que pueda figurar en el futuro, as\u00ed como las responsabilidades derivadas de la utilizaci\u00f3n del mismo.<\/p>\n<p><strong><u>USUARIOS<\/u><\/strong><\/p>\n<p>Se entiende por \u201cusuario\u201d toda persona, f\u00edsica o jur\u00eddica, que acceda, navegue, utilice o participe en los servicios y actividades, gratuitas u onerosas, desarrolladas mediante el presente sitio web. Se presume que el usuario ha le\u00eddo el presente Aviso Legal y acepta el contenido del mismo.<\/p>\n<p><strong><u>CONDICIONES DE USO <\/u><\/strong><\/p>\n<p>El acceso a los contenidos de la web es de car\u00e1cter gratuito, sin necesidad de autorizaci\u00f3n, suscripci\u00f3n o registro previo alguno. Solo ser\u00e1 necesario el registro, cuando el usuario proceda a la compra de alguno de los productos o servicios (packs tur\u00edsticos en Maldivas) ofrecidos mediante la misma.<\/p>\n<p>Mediante el acceso y uso de esta p\u00e1gina web, usted consiente quedar vinculado al presente Aviso legal y condiciones de uso, a la Pol\u00edtica de Cookies y a la Pol\u00edtica de Privacidad. En caso de no estar de acuerdo con las mismas, le rogamos que no acceda y\/o utilice este sitio web.<\/p>\n<p>El usuario se compromete a hacer un uso adecuado y l\u00edcito de la p\u00e1gina web, conforme a la legislaci\u00f3n aplicable en cada momento, a las presentes condiciones, a la moral y a las buenas costumbres generalmente aceptadas, as\u00ed como al orden p\u00fablico.<\/p>\n<p>No se garantiza que el Sitio web <a href=\"http:\/\/www.lovingmaldivas.es\">www.lovingmaldivas.es<\/a> cumpla con la legislaci\u00f3n de otros pa\u00edses, ya sea total o parcialmente. Si el usuario reside o se encuentra domiciliado en cualquier otro lugar que no sea Espa\u00f1a, y decide acceder y\/o navegar en el presente sitio web, lo har\u00e1 bajo su propia responsabilidad y riesgo, debiendo asegurarse de que tal acceso y\/o navegaci\u00f3n cumple con la legislaci\u00f3n local aplicable en su caso.<\/p>\n<p>La contrataci\u00f3n de cualquier servicio a trav\u00e9s de www.lovingmaldivas.com da derecho al usuario a disfrutar de la habitaci\u00f3n contratada o de los servicios contratados s\u00f3lo durante el periodo estrictamente contratado.<\/p>\n<p>Si bien Loving Maldivas pondr\u00e1 todos sus esfuerzos para que la totalidad de las reservas sean en la fecha y condiciones previamente informadas, cabe la posibilidad de que en algunos casos debamos cambiar las caracter\u00edsticas de la reserva, ya sea el Hotel, fechas y\/o tipos de actividades. El usuario siempre ser\u00e1 informado y podr\u00e1 rechazar el cambio en caso de que no le sea de inter\u00e9s.<\/p>\n<p><strong><u>MODIFICACIONES<\/u><\/strong><\/p>\n<p>LOVING MALDIVAS se reserva la facultad de modificar el presente aviso legal unilateralmente, produciendo efectos desde el mismo momento de su publicaci\u00f3n.<\/p>\n<p><strong><u>CONTENIDO Y CALIDAD DE LA P\u00c1GINA<\/u><\/strong><\/p>\n<p>Los contenidos de la web tienen como finalidad informar y dar a conocer las actividades y servicios prestados, consistentes en la oferta de paquetes tur\u00edsticos en Maldivas, mediante los que se organiza la estancia en funci\u00f3n de los intereses de los usuarios.<\/p>\n<p>LOVING MALDIVAS pone todos sus medios para que el contenido e informaci\u00f3n suministrados mediante el presente Sitio web cumpla con los est\u00e1ndares de calidad, exactitud, veracidad, fiabilidad, utilidad y actualidad. No obstante, no se garantiza el completo cumplimiento de dichos est\u00e1ndares en todo momento.<\/p>\n<p>El usuario deber\u00e1 tener en cuenta que dicho material pudiera no reflejar el estado m\u00e1s reciente sobre las cuestiones presentadas.<\/p>\n<p>La p\u00e1gina web <a href=\"http:\/\/www.lovingmaldivas.es\">www.lovingmaldivas.es<\/a> tiene car\u00e1cter indefinido en lo que a su visualizaci\u00f3n en internet se refiere. No obstante, en cuanto a los contenidos de la misma, el titular del Sitio web se reserva el derecho a efectuar las modificaciones que considere oportunas sin previo aviso, pudiendo cambiar, suprimir o a\u00f1adir tanto los contenidos y servicios que se presten a trav\u00e9s de la misma, como la forma en la que \u00e9stos aparezcan presentados o localizados.<\/p>\n<p>El mero acceso a la informaci\u00f3n contenida en el presente sitio web no vincula de manera alguna al usuario, de forma que no le genera ning\u00fan tipo de compromiso contractual. El acceso a dicha informaci\u00f3n solamente tiene car\u00e1cter informativo, consultivo y\/o publicitario.<\/p>\n<p><strong><u>NOTIFICACIONES<\/u><\/strong><\/p>\n<p>El usuario podr\u00e1 comunicarse con el titular de la web a trav\u00e9s del correo electr\u00f3nico <a href=\"mailto:hola@lovingmaldivas.es\">hola@lovingmaldivas.es<\/a> y\/o a trav\u00e9s del n\u00famero de tel\u00e9fono (+34) 661 331 419<\/p>\n<p>Todas las notificaciones y comunicaciones realizadas por cualquier medio se considerar\u00e1n eficaces a todos los efectos.<\/p>\n<p>La normativa aplicable exige que parte de la informaci\u00f3n o comunicaciones que le enviemos sea por escrito. Mediante el uso de esta p\u00e1gina web, usted acepta que la mayor parte de dichas comunicaciones con nosotros sean electr\u00f3nicas.<\/p>\n<p><strong><u>PROPIEDAD INTELECTUAL E INDUSTRIAL<\/u><\/strong><\/p>\n<p>El usuario reconoce y consiente que cualquier derecho de propiedad intelectual e industrial sobre los contenidos o materiales que se aportan como parte de la p\u00e1gina web pertenecen a LOVING MALDIVAS, o a los titulares de los mismos quienes le otorgaron la licencia correspondiente para su uso. Estos derechos son, a t\u00edtulo enunciativo y no limitativo, cualesquiera susceptibles de propiedad intelectual e industrial sobre textos, im\u00e1genes, dibujos, combinaciones de colores, archivos de audio y\/o video, archivos de software, botones, marcas, logotipos, esl\u00f3ganes y dise\u00f1os, selecci\u00f3n de materiales usados, as\u00ed como sobre la estructura, presentaci\u00f3n de cualquier informaci\u00f3n y\/o contenido de este sitio web.<\/p>\n<p>Asimismo, el contenido de <a href=\"http:\/\/www.lovingmaldivas.es\">www.lovingmaldivas.es<\/a> es considerado programa de ordenador, y est\u00e1 sujeto a la normativa espa\u00f1ola, de la Uni\u00f3n Europea e internacional sobre la materia.<\/p>\n<p>Queda expresamente prohibida la copia, reproducci\u00f3n, transformaci\u00f3n, modificaci\u00f3n, manipulaci\u00f3n, supresi\u00f3n, distribuci\u00f3n y comunicaci\u00f3n p\u00fablica, incluida su modalidad de puesta a disposici\u00f3n de la totalidad o parte de los contenidos de este Sitio web, ya sea con o sin \u00e1nimo de lucro, en cualquier soporte y por cualquier medio t\u00e9cnico, si no consta autorizaci\u00f3n expresa previa y por escrito de LOVING MALDIVAS.<\/p>\n<p>El acceso a <a href=\"http:\/\/www.lovingmaldivas.es\">www.lovingmaldivas.es<\/a> no implica en ning\u00fan caso la autorizaci\u00f3n o licencia por parte de LOVING MALDIVAS para la utilizaci\u00f3n, m\u00e1s all\u00e1 del uso estrictamente personal, de ninguno de los contenidos y\/o informaci\u00f3n del mismo, ni sobre ning\u00fan derecho relacionado con ellos.<\/p>\n<p><strong><u>PROTECCI\u00d3N DE DATOS DE CAR\u00c1CTER PERSONAL <\/u><\/strong><\/p>\n<p>La informaci\u00f3n o datos personales que nos facilite sobre usted ser\u00e1n tratados con arreglo a lo establecido en la Pol\u00edtica de Privacidad y conforme a la legislaci\u00f3n vigente sobre dicha materia.<\/p>\n<p>Los datos de car\u00e1cter personal proporcionados por parte del usuario mediante el presente Sitio web formar\u00e1n parte del sistema de tratamiento de datos (ficheros y bases de datos) del LOVING MALDIVAS y ser\u00e1n tratados de acuerdo a lo establecido en la Pol\u00edtica de Privacidad con los fines indicados para cada caso. Dichos datos personales tendr\u00e1n car\u00e1cter confidencial y secreto, no pudiendo ser revelados a terceros ajenos, sin causa legalmente justificada o autorizaci\u00f3n expresa del usuario en cuesti\u00f3n.<\/p>\n<p>El usuario tiene derecho al acceso, oposici\u00f3n, rectificaci\u00f3n y cancelaci\u00f3n, revocaci\u00f3n, limitaci\u00f3n y portabilidad de sus datos personales a trav\u00e9s de la direcci\u00f3n de correo electr\u00f3nico <a href=\"mailto:hola@lovingmaldivas.es\">hola@lovingmaldivas.es<\/a> o por correo ordinario a Passatge de les Sorres 6, Baixos 2, de Torrelles de Llobregat (Barcelona) con C\u00f3digo Postal 08629.<\/p>\n<p>Para m\u00e1s informaci\u00f3n puede consultar nuestra Pol\u00edtica de Privacidad.<\/p>\n<p><strong><u>POL\u00cdTICA DE COOKIES<\/u><\/strong><\/p>\n<p>Se informa a los usuarios que desde <a href=\"http:\/\/www.lovingmaldivas.es\">www.lovingmaldivas.es<\/a> se podr\u00e1n utilizar dispositivos de almacenamiento y recuperaci\u00f3n de datos (cookies) en equipos y terminales de los destinatarios, a condici\u00f3n de que los mismos hayan dado su consentimiento despu\u00e9s de que se les haya facilitado informaci\u00f3n clara y completa sobre su utilizaci\u00f3n.<\/p>\n<p>Para m\u00e1s informaci\u00f3n puede consultar nuestra Pol\u00edtica de Cookies.<\/p>\n<p><strong><u>ENLACES<\/u><\/strong><\/p>\n<p>En el Sitio Web se podr\u00e1n incluir medios de enlace, como links, banners, botones u otros similares, a sitios de terceros. La instalaci\u00f3n de estos enlaces tiene por objeto facilitar al usuario la b\u00fasqueda y acceso de informaci\u00f3n disponible en Internet.<\/p>\n<p>Una vez el usuario accede a los enlaces de terceros y abandone el Sitio Web, tanto el presente Aviso legal, como la Pol\u00edtica de Privacidad y la Pol\u00edtica de Cookies dejaran de surtir efecto, dado que los sitios webs a los que accede el usuario est\u00e1n sujetos a sus propias Condiciones de uso, Pol\u00edtica de Privacidad y Pol\u00edtica de Cookies.<\/p>\n<p>LOVING MALDIVAS no asume ninguna responsabilidad respectos a los contenidos de los enlaces de terceros establecidos en su sitio web, ni por los da\u00f1os y perjuicios que pudieran producirse por el acceso, uso o ilicitud de los contenidos, comunicaciones, opiniones, productos y servicios de los sitios web no gestionados por el titular de esta web, declarando que en ning\u00fan caso proceder\u00e1 a examinar o ejercitar control alguno sobre el contenido de \u00e9stos.<\/p>\n<p><strong><u>LIMITACI\u00d3N DE LA RESPONSABILIDAD<\/u><\/strong><\/p>\n<p>El usuario de esta p\u00e1gina web accede a la misma por su propia cuenta y riesgo. LOVING MALDIVAS no se hace responsable de los errores u omisiones que pudiera contener, si bien pone todos los medios a su alcance para prevenirlos.<\/p>\n<p>El titular podr\u00e1 responsabilizar a los usuarios que hagan un uso inadecuado o indebido de la Web, causando da\u00f1os o perjuicios a terceras personas, as\u00ed como de los posibles virus o programas inform\u00e1ticos que pudiesen introducir, generar o alojar en la Web, y deterioren o puedan deteriorar tanto el contenido como el correcto funcionamiento del Sitio web, as\u00ed como los equipos, sistemas y programas de los usuarios del mismo.<\/p>\n<p>El hardware y software necesarios para acceder a <a href=\"http:\/\/www.lovingmaldivas.com\">www.lovingmaldivas.com<\/a> ser\u00e1n por cuenta de los usuarios. El titular no ser\u00e1 responsable del funcionamiento ni de las consecuencias de \u00e9stos, ni de los derechos de uso o licencias requeridos para su utilizaci\u00f3n.<\/p>\n<p>Asimismo, no es responsable de las decisiones que tomare el usuario como consecuencia de la informaci\u00f3n facilitada en este sitio web u otros da\u00f1os que pudieran ser causados por terceros mediante intromisiones no autorizadas ajenas a su control.<\/p>\n<p>Debido a la naturaleza abierta de esta p\u00e1gina web y a la posibilidad de que se produzcan errores en el almacenaje y transmisi\u00f3n de informaci\u00f3n digital, no garantizamos la precisi\u00f3n y seguridad de la informaci\u00f3n transmitida u obtenida por medio de esta p\u00e1gina web a no ser que se establezca expresamente lo contrario en la misma.<\/p>\n<p>Tampoco ser\u00e1 responsable de ning\u00fan da\u00f1o o perdida que se deriva de un ataque de denegaci\u00f3n de servicio, virus o cualquier otro programa o material tecnol\u00f3gicamente perjudicial o da\u00f1ino que pueda afectar a su ordenador, equipo inform\u00e1tico, datos o materiales como consecuencia del uso de esta p\u00e1gina web o de la descarga de contenidos de la misma o a los que la misma redireccione.<\/p>\n<p>Para el caso de que la presente p\u00e1gina web contenga links a otras p\u00e1ginas web y\/ o materiales de terceros, se facilitan \u00fanicamente a efectos informativos, sin que LOVING MALDIVAS tenga control alguno sobre el contenido de dichas p\u00e1ginas web o materiales. Por lo tanto, no acepta responsabilidad alguna por cualquier da\u00f1o o p\u00e9rdida derivados de su uso.<\/p>\n<p><strong><u>ACCIONES LEGALES<\/u><\/strong><\/p>\n<p>LOVING MALDIVAS, se reserva la facultad de ejercitar las acciones civiles o penales que considere oportunas por la utilizaci\u00f3n indebida de este sitio web y sus contenidos, o por el incumplimiento de las presentes estipulaciones.<\/p>\n<p><strong><u>LEY APLICABLE Y JURISDICCI\u00d3N <\/u><\/strong><\/p>\n<p>El presente contrato se configura como un contrato de condiciones generales de adhesi\u00f3n y regula la informaci\u00f3n general que el prestador de servicios de la sociedad de la informaci\u00f3n titular del Sitio Web debe proporcionar en su p\u00e1gina, de forma permanente, f\u00e1cil, directa y gratuita, a los destinatarios del servicio.<\/p>\n<p>Responde a la obligaci\u00f3n establecida en el art\u00edculo 10 de la Ley 34\/2002, de 11 de julio, de servicios de la sociedad de la informaci\u00f3n y de comercio electr\u00f3nico y, adem\u00e1s, proporciona protecci\u00f3n jur\u00eddica al titular de los derechos de propiedad sobre los activos contenidos en la P\u00e1gina web de acuerdo con lo establecido en el Real Decreto Legislativo 1\/1996, de 12 de abril, por el que se aprueba el Texto Refundido de la Ley de Propiedad Intelectual, regularizando, aclarando y armonizando las disposiciones legales vigentes sobre la materia, determinando para los usuarios de la P\u00e1gina web, las condiciones respecto de la cesi\u00f3n de los derechos de explotaci\u00f3n necesarios para el uso de la misma.<\/p>\n<p>Asimismo, en la medida en que este contrato regula las relaciones entre empresas, o entre una empresa y un consumidor, se rige tambi\u00e9n por el Real Decreto de 24 de julio de 1889 por el que se publica el C\u00f3digo Civil, el Real Decreto de 22 de agosto de 1885 por el que se publica el C\u00f3digo de Comercio y normativa general de consumo respectivamente.<\/p>\n<p>Las presentes condiciones, as\u00ed como la relaci\u00f3n entre LOVING MALDIVAS y el usuario se guiar\u00e1n e interpretaran conforme a la normativa espa\u00f1ola vigente.<\/p>\n<p>Para la resoluci\u00f3n de cualquier controversia, las partes podr\u00e1n someter sus conflictos a arbitraje, o acudir a la jurisdicci\u00f3n ordinaria cumpliendo con las normas sobre jurisdicci\u00f3n y competencia al respecto.<\/p>\n","protected":false},"excerpt":{"rendered":"<p>La utilizaci\u00f3n de este Sitio Web est\u00e1 sujeta a las presentes condiciones de uso, debiendo el usuario leerlas detenidamente. El hecho de acceder a la web y\/o a la aplicaci\u00f3n y utilizar los materiales contenidos en ella implica que usted ha le\u00eddo, conoce y acepta sin reserva alguna de estas condiciones, debiendo acceder peri\u00f3dicamente a [&hellip;]<\/p>\n","protected":false},"author":3,"featured_media":0,"parent":0,"menu_order":0,"comment_status":"closed","ping_status":"closed","template":"","meta":{"_et_pb_use_builder":"","_et_pb_old_content":"","_et_gb_content_width":"1400","footnotes":""},"class_list":["post-3084","page","type-page","status-publish","hentry"],"yoast_head":"<!-- This site is optimized with the Yoast SEO plugin v27.2 - https:\/\/yoast.com\/product\/yoast-seo-wordpress\/ -->\n<title>Aviso legal y condiciones de uso - Loving Maldivas<\/title>\n<meta name=\"robots\" content=\"noindex, follow\" \/>\n<meta property=\"og:locale\" content=\"es_ES\" \/>\n<meta property=\"og:type\" content=\"article\" \/>\n<meta property=\"og:title\" content=\"Aviso legal y condiciones de uso - Loving Maldivas\" \/>\n<meta property=\"og:description\" content=\"La utilizaci\u00f3n de este Sitio Web est\u00e1 sujeta a las presentes condiciones de uso, debiendo el usuario leerlas detenidamente. El hecho de acceder a la web y\/o a la aplicaci\u00f3n y utilizar los materiales contenidos en ella implica que usted ha le\u00eddo, conoce y acepta sin reserva alguna de estas condiciones, debiendo acceder peri\u00f3dicamente a [&hellip;]\" \/>\n<meta property=\"og:url\" content=\"https:\/\/lovingmaldivas.es\/index.php\/aviso-legal-condiciones-uso\/\" \/>\n<meta property=\"og:site_name\" content=\"Loving Maldivas\" \/>\n<meta property=\"article:publisher\" content=\"https:\/\/www.facebook.com\/loving.maldivas\" \/>\n<meta property=\"article:modified_time\" content=\"2024-10-30T15:36:51+00:00\" \/>\n<meta name=\"twitter:card\" content=\"summary_large_image\" \/>\n<meta name=\"twitter:site\" content=\"@lovingmaldivas\" \/>\n<meta name=\"twitter:label1\" content=\"Tiempo de lectura\" \/>\n\t<meta name=\"twitter:data1\" content=\"12 minutos\" \/>\n<script type=\"application\/ld+json\" class=\"yoast-schema-graph\">{\"@context\":\"https:\/\/schema.org\",\"@graph\":[{\"@type\":\"WebPage\",\"@id\":\"https:\/\/lovingmaldivas.es\/index.php\/aviso-legal-condiciones-uso\/\",\"url\":\"https:\/\/lovingmaldivas.es\/index.php\/aviso-legal-condiciones-uso\/\",\"name\":\"Aviso legal y condiciones de uso - Loving Maldivas\",\"isPartOf\":{\"@id\":\"https:\/\/lovingmaldivas.es\/#website\"},\"datePublished\":\"2018-07-03T08:39:41+00:00\",\"dateModified\":\"2024-10-30T15:36:51+00:00\",\"breadcrumb\":{\"@id\":\"https:\/\/lovingmaldivas.es\/index.php\/aviso-legal-condiciones-uso\/#breadcrumb\"},\"inLanguage\":\"es\",\"potentialAction\":[{\"@type\":\"ReadAction\",\"target\":[\"https:\/\/lovingmaldivas.es\/index.php\/aviso-legal-condiciones-uso\/\"]}]},{\"@type\":\"BreadcrumbList\",\"@id\":\"https:\/\/lovingmaldivas.es\/index.php\/aviso-legal-condiciones-uso\/#breadcrumb\",\"itemListElement\":[{\"@type\":\"ListItem\",\"position\":1,\"name\":\"Portada\",\"item\":\"https:\/\/lovingmaldivas.es\/\"},{\"@type\":\"ListItem\",\"position\":2,\"name\":\"Aviso legal y condiciones de uso\"}]},{\"@type\":\"WebSite\",\"@id\":\"https:\/\/lovingmaldivas.es\/#website\",\"url\":\"https:\/\/lovingmaldivas.es\/\",\"name\":\"Loving Maldivas\",\"description\":\"Especialistas en viajes y vacaciones a las Islas Maldivas\",\"publisher\":{\"@id\":\"https:\/\/lovingmaldivas.es\/#organization\"},\"potentialAction\":[{\"@type\":\"SearchAction\",\"target\":{\"@type\":\"EntryPoint\",\"urlTemplate\":\"https:\/\/lovingmaldivas.es\/?s={search_term_string}\"},\"query-input\":{\"@type\":\"PropertyValueSpecification\",\"valueRequired\":true,\"valueName\":\"search_term_string\"}}],\"inLanguage\":\"es\"},{\"@type\":\"Organization\",\"@id\":\"https:\/\/lovingmaldivas.es\/#organization\",\"name\":\"Loving Maldivas\",\"url\":\"https:\/\/lovingmaldivas.es\/\",\"logo\":{\"@type\":\"ImageObject\",\"inLanguage\":\"es\",\"@id\":\"https:\/\/lovingmaldivas.es\/#\/schema\/logo\/image\/\",\"url\":\"https:\/\/lovingmaldivas.es\/wp-content\/uploads\/2024\/10\/logo2.png\",\"contentUrl\":\"https:\/\/lovingmaldivas.es\/wp-content\/uploads\/2024\/10\/logo2.png\",\"width\":256,\"height\":82,\"caption\":\"Loving Maldivas\"},\"image\":{\"@id\":\"https:\/\/lovingmaldivas.es\/#\/schema\/logo\/image\/\"},\"sameAs\":[\"https:\/\/www.facebook.com\/loving.maldivas\",\"https:\/\/x.com\/lovingmaldivas\",\"https:\/\/www.instagram.com\/lovingmaldivas\/\"]}]}<\/script>\n<!-- \/ Yoast SEO plugin. -->","yoast_head_json":{"title":"Aviso legal y condiciones de uso - Loving Maldivas","robots":{"index":"noindex","follow":"follow"},"og_locale":"es_ES","og_type":"article","og_title":"Aviso legal y condiciones de uso - Loving Maldivas","og_description":"La utilizaci\u00f3n de este Sitio Web est\u00e1 sujeta a las presentes condiciones de uso, debiendo el usuario leerlas detenidamente. El hecho de acceder a la web y\/o a la aplicaci\u00f3n y utilizar los materiales contenidos en ella implica que usted ha le\u00eddo, conoce y acepta sin reserva alguna de estas condiciones, debiendo acceder peri\u00f3dicamente a [&hellip;]","og_url":"https:\/\/lovingmaldivas.es\/index.php\/aviso-legal-condiciones-uso\/","og_site_name":"Loving Maldivas","article_publisher":"https:\/\/www.facebook.com\/loving.maldivas","article_modified_time":"2024-10-30T15:36:51+00:00","twitter_card":"summary_large_image","twitter_site":"@lovingmaldivas","twitter_misc":{"Tiempo de lectura":"12 minutos"},"schema":{"@context":"https:\/\/schema.org","@graph":[{"@type":"WebPage","@id":"https:\/\/lovingmaldivas.es\/index.php\/aviso-legal-condiciones-uso\/","url":"https:\/\/lovingmaldivas.es\/index.php\/aviso-legal-condiciones-uso\/","name":"Aviso legal y condiciones de uso - Loving Maldivas","isPartOf":{"@id":"https:\/\/lovingmaldivas.es\/#website"},"datePublished":"2018-07-03T08:39:41+00:00","dateModified":"2024-10-30T15:36:51+00:00","breadcrumb":{"@id":"https:\/\/lovingmaldivas.es\/index.php\/aviso-legal-condiciones-uso\/#breadcrumb"},"inLanguage":"es","potentialAction":[{"@type":"ReadAction","target":["https:\/\/lovingmaldivas.es\/index.php\/aviso-legal-condiciones-uso\/"]}]},{"@type":"BreadcrumbList","@id":"https:\/\/lovingmaldivas.es\/index.php\/aviso-legal-condiciones-uso\/#breadcrumb","itemListElement":[{"@type":"ListItem","position":1,"name":"Portada","item":"https:\/\/lovingmaldivas.es\/"},{"@type":"ListItem","position":2,"name":"Aviso legal y condiciones de uso"}]},{"@type":"WebSite","@id":"https:\/\/lovingmaldivas.es\/#website","url":"https:\/\/lovingmaldivas.es\/","name":"Loving Maldivas","description":"Especialistas en viajes y vacaciones a las Islas Maldivas","publisher":{"@id":"https:\/\/lovingmaldivas.es\/#organization"},"potentialAction":[{"@type":"SearchAction","target":{"@type":"EntryPoint","urlTemplate":"https:\/\/lovingmaldivas.es\/?s={search_term_string}"},"query-input":{"@type":"PropertyValueSpecification","valueRequired":true,"valueName":"search_term_string"}}],"inLanguage":"es"},{"@type":"Organization","@id":"https:\/\/lovingmaldivas.es\/#organization","name":"Loving Maldivas","url":"https:\/\/lovingmaldivas.es\/","logo":{"@type":"ImageObject","inLanguage":"es","@id":"https:\/\/lovingmaldivas.es\/#\/schema\/logo\/image\/","url":"https:\/\/lovingmaldivas.es\/wp-content\/uploads\/2024\/10\/logo2.png","contentUrl":"https:\/\/lovingmaldivas.es\/wp-content\/uploads\/2024\/10\/logo2.png","width":256,"height":82,"caption":"Loving Maldivas"},"image":{"@id":"https:\/\/lovingmaldivas.es\/#\/schema\/logo\/image\/"},"sameAs":["https:\/\/www.facebook.com\/loving.maldivas","https:\/\/x.com\/lovingmaldivas","https:\/\/www.instagram.com\/lovingmaldivas\/"]}]}},"_links":{"self":[{"href":"https:\/\/lovingmaldivas.es\/index.php\/wp-json\/wp\/v2\/pages\/3084","targetHints":{"allow":["GET"]}}],"collection":[{"href":"https:\/\/lovingmaldivas.es\/index.php\/wp-json\/wp\/v2\/pages"}],"about":[{"href":"https:\/\/lovingmaldivas.es\/index.php\/wp-json\/wp\/v2\/types\/page"}],"author":[{"embeddable":true,"href":"https:\/\/lovingmaldivas.es\/index.php\/wp-json\/wp\/v2\/users\/3"}],"replies":[{"embeddable":true,"href":"https:\/\/lovingmaldivas.es\/index.php\/wp-json\/wp\/v2\/comments?post=3084"}],"version-history":[{"count":2,"href":"https:\/\/lovingmaldivas.es\/index.php\/wp-json\/wp\/v2\/pages\/3084\/revisions"}],"predecessor-version":[{"id":17857,"href":"https:\/\/lovingmaldivas.es\/index.php\/wp-json\/wp\/v2\/pages\/3084\/revisions\/17857"}],"wp:attachment":[{"href":"https:\/\/lovingmaldivas.es\/index.php\/wp-json\/wp\/v2\/media?parent=3084"}],"curies":[{"name":"wp","href":"https:\/\/api.w.org\/{rel}","templated":true}]}}