{"id":39,"date":"2024-10-29T11:18:19","date_gmt":"2024-10-29T11:18:19","guid":{"rendered":"https:\/\/lovingmaldivas.es\/?page_id=39"},"modified":"2024-11-06T14:31:01","modified_gmt":"2024-11-06T14:31:01","slug":"loving-maldivas-quienes-somos","status":"publish","type":"page","link":"https:\/\/lovingmaldivas.es\/index.php\/loving-maldivas-quienes-somos\/","title":{"rendered":"Loving Maldivas quienes somos"},"content":{"rendered":"<p>[et_pb_section fb_built=\u00bb1&#8243; fullwidth=\u00bbon\u00bb _builder_version=\u00bb4.27.2&#8243; _module_preset=\u00bbdefault\u00bb global_colors_info=\u00bb{}\u00bb][et_pb_fullwidth_header title=\u00bbQui\u00e9nes Somos\u00bb text_orientation=\u00bbcenter\u00bb background_overlay_color=\u00bbrgba(0,0,0,0.56)\u00bb _builder_version=\u00bb4.27.2&#8243; _module_preset=\u00bbdefault\u00bb title_font_size=\u00bb55px\u00bb content_font_size=\u00bb25px\u00bb content_line_height=\u00bb1.3em\u00bb background_color=\u00bb#aedddd\u00bb background_image=\u00bbhttps:\/\/lovingmaldivas.es\/wp-content\/uploads\/2018\/07\/jacuzzi-water-villa4-min.jpg\u00bb custom_margin_tablet=\u00bb\u00bb custom_margin_phone=\u00bb\u00bb custom_margin_last_edited=\u00bbon|phone\u00bb custom_padding=\u00bb||200px||false|false\u00bb title_font_size_tablet=\u00bb55px\u00bb title_font_size_phone=\u00bb45px\u00bb title_font_size_last_edited=\u00bbon|phone\u00bb content_font_size_tablet=\u00bb25px\u00bb content_font_size_phone=\u00bb20px\u00bb content_font_size_last_edited=\u00bbon|phone\u00bb global_colors_info=\u00bb{}\u00bb]<\/p>\n<p>La agencia de viajes especializada en vacaciones a Maldivas<\/p>\n<p>[\/et_pb_fullwidth_header][\/et_pb_section][et_pb_section fb_built=\u00bb1&#8243; _builder_version=\u00bb4.27.2&#8243; _module_preset=\u00bbdefault\u00bb custom_padding=\u00bb1px||0px|||\u00bb global_colors_info=\u00bb{}\u00bb][et_pb_row column_structure=\u00bb1_2,1_2&#8243; use_custom_gutter=\u00bbon\u00bb make_equal=\u00bbon\u00bb _builder_version=\u00bb4.27.2&#8243; _module_preset=\u00bbdefault\u00bb width=\u00bb100%\u00bb max_width=\u00bb100%\u00bb min_height=\u00bb700px\u00bb custom_padding=\u00bb0px||4px|||\u00bb global_colors_info=\u00bb{}\u00bb][et_pb_column type=\u00bb1_2&#8243; _builder_version=\u00bb4.27.2&#8243; _module_preset=\u00bbdefault\u00bb custom_css_main_element=\u00bbmargin: auto;||\u00bb global_colors_info=\u00bb{}\u00bb][et_pb_text _builder_version=\u00bb4.27.2&#8243; _module_preset=\u00bbdefault\u00bb header_2_text_color=\u00bb#ffcc05&#8243; header_2_font_size=\u00bb50px\u00bb custom_margin=\u00bb|50px||50px|false|false\u00bb custom_margin_tablet=\u00bb|50px||50px|false|false\u00bb custom_margin_phone=\u00bb|5px||5px|false|true\u00bb custom_margin_last_edited=\u00bbon|phone\u00bb custom_padding=\u00bb|50px||50px|false|false\u00bb custom_padding_tablet=\u00bb|50px||50px|false|false\u00bb custom_padding_phone=\u00bb50px|5px||5px|false|true\u00bb custom_padding_last_edited=\u00bbon|phone\u00bb hover_enabled=\u00bb0&#8243; global_colors_info=\u00bb{}\u00bb sticky_enabled=\u00bb0&#8243;]<\/p>\n<h2 style=\"text-align: center;\">El origen de Loving Maldivas<\/h2>\n<p>[\/et_pb_text][et_pb_text _builder_version=\u00bb4.27.2&#8243; _module_preset=\u00bbdefault\u00bb custom_margin=\u00bb25px|50px||50px|false|true\u00bb custom_margin_tablet=\u00bb25px|50px||50px|false|true\u00bb custom_margin_phone=\u00bb25px|5px|25px|5px|false|true\u00bb custom_margin_last_edited=\u00bbon|phone\u00bb custom_padding=\u00bb|50px|4px|50px|false|true\u00bb custom_padding_tablet=\u00bb|50px|4px|50px|false|true\u00bb custom_padding_phone=\u00bb|5px|4px|5px|false|true\u00bb custom_padding_last_edited=\u00bbon|phone\u00bb global_colors_info=\u00bb{}\u00bb]<\/p>\n<p style=\"text-align: center;\"><span>Loving Maldivas es una\u00a0<a href=\"https:\/\/lovingmaldivas.es\/\"><strong>agencia de viajes especializada en las Islas Maldivas<\/strong><\/a>\u00a0que nace a principios de 2018 cuando decidimos hacer de nuestra pasi\u00f3n nuestro trabajo y fundamos Loving Maldivas.\u00a0<\/span><span>\u00a0\u00a0<\/span><\/p>\n<p style=\"text-align: center;\"><span>Nuestro objetivo fue el de\u00a0<strong>desmontar los estereotipos sobre Maldivas<\/strong>\u00a0y ofrecer\u00a0<a href=\"https:\/\/lovingmaldivas.es\/packs-de-viajes-a-las-islas-maldivas\"><strong>paquetes de vacaciones a Maldivas econ\u00f3micos<\/strong><\/a>\u00a0y al alcance de todos. Tras varias visitas a las Islas Maldivas y al sudeste asi\u00e1tico, nos dimos cuenta de que visitar el para\u00edso no es tan caro como la gente piensa! De esa idea vio la luz Loving Maldivas y a d\u00eda de hoy es\u00a0<strong>una de las mejores opciones para disfrutar de unas vacaciones memorables<\/strong>\u00a0en uno de los destinos m\u00e1s m\u00e1gicos del planeta.<\/span><span>\u00a0\u00a0\u00a0<\/span><\/p>\n<p style=\"text-align: center;\"><span>Adem\u00e1s, si decides viajar a Maldivas con Loving Maldivas tendr\u00e1s la\u00a0<strong>oportunidad de descubrir las actividades y excursiones m\u00e1s incre\u00edbles<\/strong>\u00a0para aprovechar al m\u00e1ximo tus vacaciones en el para\u00edso. Las Islas Maldivas es\u00a0<strong>mucho m\u00e1s que arena y playa<\/strong>\u00a0y desde Loving Maldivas queremos demostr\u00e1rtelo. Nuestra agencia apoya a los\u00a0<strong>gu\u00edas y productores locales<\/strong>\u00a0de la isla de Maafushi y alrededores.<\/span><\/p>\n<p>[\/et_pb_text][\/et_pb_column][et_pb_column type=\u00bb1_2&#8243; _builder_version=\u00bb4.27.2&#8243; _module_preset=\u00bbdefault\u00bb background_image=\u00bbhttps:\/\/lovingmaldivas.es\/wp-content\/uploads\/2024\/10\/quienes-somos.jpg\u00bb custom_padding_tablet=\u00bb\u00bb custom_padding_phone=\u00bb||||false|false\u00bb custom_padding_last_edited=\u00bbon|phone\u00bb global_colors_info=\u00bb{}\u00bb][et_pb_image src=\u00bbhttps:\/\/lovingmaldivas.es\/wp-content\/uploads\/2024\/10\/quienes-somos.jpg\u00bb title_text=\u00bbquienes-somos\u00bb disabled_on=\u00bboff|off|on\u00bb _builder_version=\u00bb4.27.2&#8243; _module_preset=\u00bbdefault\u00bb global_colors_info=\u00bb{}\u00bb][\/et_pb_image][\/et_pb_column][\/et_pb_row][et_pb_row column_structure=\u00bb1_2,1_2&#8243; use_custom_gutter=\u00bbon\u00bb make_equal=\u00bbon\u00bb _builder_version=\u00bb4.27.2&#8243; _module_preset=\u00bbdefault\u00bb width=\u00bb100%\u00bb max_width=\u00bb100%\u00bb custom_margin=\u00bb-6px|auto||auto||\u00bb custom_padding=\u00bb0px||0px|||\u00bb global_colors_info=\u00bb{}\u00bb][et_pb_column type=\u00bb1_2&#8243; _builder_version=\u00bb4.27.2&#8243; _module_preset=\u00bbdefault\u00bb background_image=\u00bbhttps:\/\/lovingmaldivas.es\/wp-content\/uploads\/2024\/10\/palmerasybutacas.jpg\u00bb custom_padding_tablet=\u00bb\u00bb custom_padding_phone=\u00bb||||false|false\u00bb custom_padding_last_edited=\u00bbon|phone\u00bb global_colors_info=\u00bb{}\u00bb][\/et_pb_column][et_pb_column type=\u00bb1_2&#8243; _builder_version=\u00bb4.27.2&#8243; _module_preset=\u00bbdefault\u00bb custom_css_main_element=\u00bbmargin: auto;\u00bb global_colors_info=\u00bb{}\u00bb][et_pb_text _builder_version=\u00bb4.27.2&#8243; _module_preset=\u00bbdefault\u00bb header_2_text_color=\u00bb#ffcc05&#8243; header_2_font_size=\u00bb50px\u00bb custom_margin=\u00bb50px|50px|50px|50px|true|false\u00bb custom_margin_tablet=\u00bb50px|50px|50px|50px|true|false\u00bb custom_margin_phone=\u00bb50px|5px|50px|5px|true|true\u00bb custom_margin_last_edited=\u00bbon|phone\u00bb custom_padding=\u00bb|5px||5px|false|true\u00bb hover_enabled=\u00bb0&#8243; global_colors_info=\u00bb{}\u00bb sticky_enabled=\u00bb0&#8243;]<\/p>\n<h2 style=\"text-align: center;\">Tus vacaciones, con Loving Maldivas<\/h2>\n<p>[\/et_pb_text][et_pb_text _builder_version=\u00bb4.27.2&#8243; _module_preset=\u00bbdefault\u00bb custom_margin=\u00bb25px|50px|50px|50px|false|true\u00bb custom_margin_tablet=\u00bb25px|50px|50px|50px|false|true\u00bb custom_margin_phone=\u00bb|5px||5px|false|true\u00bb custom_margin_last_edited=\u00bbon|phone\u00bb custom_padding=\u00bb|5px||5px|false|true\u00bb global_colors_info=\u00bb{}\u00bb]<\/p>\n<p style=\"text-align: center;\"><span>Desde su nacimiento en 2018, Loving Maldivas ha acercado el para\u00edso a\u00a0<strong>decenas de intr\u00e9pidos viajeros<\/strong>\u00a0en busca de unas vacaciones inolvidables. Sigue leyendo para conocer\u00a0<strong>6 razones por las que Loving Maldivas es tu mejor opci\u00f3n<\/strong>\u00a0si quieres viajar a las Islas Maldivas.<\/span><\/p>\n<h4 style=\"text-align: center;\"><strong>Asistencia 24\/7<\/strong><\/h4>\n<p style=\"text-align: center;\"><span>Para Loving Maldivas\u00a0<strong>lo m\u00e1s importante es que pases unas vacaciones geniales<\/strong>. Estamos a tu disposici\u00f3n 2<strong>4 horas al d\u00eda, 7 d\u00edas a la semana<\/strong>\u00a0para\u00a0<strong>asistirte en cualquier situaci\u00f3n<\/strong>\u00a0durante tu estancia en las Islas Maldivas.<\/span><\/p>\n<h4 style=\"text-align: center;\"><strong>Paquetes de vacaciones a medida<\/strong><\/h4>\n<p style=\"text-align: center;\"><span>\u00bfConoces\u00a0<strong>nuestros paquetes de vacaciones a Maldivas<\/strong>? \u00bfBuscas un pack de 5 d\u00edas? \u00bfQuieres alargar 3 d\u00edas tu estancia? No hay problema. Con Loving Maldivas\u00a0<strong>puedes hacerte a medida cualquiera de nuestros packs<\/strong>. Ponte en contacto con nosotros enviando un email a\u00a0<a href=\"mailto:info@lovingmaldivas.es\">info@lovingmaldivas.es<\/a>\u00a0y expl\u00edcanos cual es tu pack ideal.<\/span><\/p>\n<h4 style=\"text-align: center;\"><strong>Conocimiento de primera persona<\/strong><\/h4>\n<p style=\"text-align: center;\"><span>Nos enorgullece poder decir que\u00a0<strong>somos expertos en las Islas Maldivas<\/strong>. Te podremos orientar en cualquier situaci\u00f3n, as\u00ed que no dudes en ponerte en contacto con nosotros si necesitas soporte. Puedes\u00a0<a href=\"https:\/\/lovingmaldivas.es\/blog\/\"><strong>visitar nuestro blog<\/strong><\/a>\u00a0y leer nuestros art\u00edculos con un mont\u00f3n de consejos si est\u00e1s pensando en irte a Maldivas de vacaciones.<\/span><\/p>\n<p>[\/et_pb_text][et_pb_image src=\u00bbhttps:\/\/lovingmaldivas.es\/wp-content\/uploads\/2024\/10\/palmerasybutacas.jpg\u00bb title_text=\u00bbpalmerasybutacas\u00bb disabled_on=\u00bboff|off|on\u00bb _builder_version=\u00bb4.27.2&#8243; _module_preset=\u00bbdefault\u00bb global_colors_info=\u00bb{}\u00bb][\/et_pb_image][\/et_pb_column][\/et_pb_row][et_pb_row column_structure=\u00bb1_2,1_2&#8243; use_custom_gutter=\u00bbon\u00bb make_equal=\u00bbon\u00bb _builder_version=\u00bb4.27.2&#8243; _module_preset=\u00bbdefault\u00bb width=\u00bb100%\u00bb max_width=\u00bb100%\u00bb min_height=\u00bb700px\u00bb custom_padding=\u00bb0px||1px|||\u00bb global_colors_info=\u00bb{}\u00bb][et_pb_column type=\u00bb1_2&#8243; _builder_version=\u00bb4.27.2&#8243; _module_preset=\u00bbdefault\u00bb custom_css_main_element=\u00bbmargin: auto;\u00bb global_colors_info=\u00bb{}\u00bb][et_pb_text _builder_version=\u00bb4.27.2&#8243; _module_preset=\u00bbdefault\u00bb header_2_text_color=\u00bb#ffcc05&#8243; header_2_font_size=\u00bb50px\u00bb custom_margin=\u00bb50px|50px|50px|50px|true|false\u00bb custom_margin_tablet=\u00bb50px|50px|50px|50px|true|false\u00bb custom_margin_phone=\u00bb50px|5px|50px|5px|true|true\u00bb custom_margin_last_edited=\u00bbon|phone\u00bb custom_padding=\u00bb|5px||5px|false|true\u00bb hover_enabled=\u00bb0&#8243; global_colors_info=\u00bb{}\u00bb sticky_enabled=\u00bb0&#8243;]<\/p>\n<h2 style=\"text-align: center;\">Vacaciones al alcance de todos<\/h2>\n<p>[\/et_pb_text][et_pb_text _builder_version=\u00bb4.27.2&#8243; _module_preset=\u00bbdefault\u00bb custom_margin=\u00bb25px|50px|50px|50px|false|true\u00bb custom_margin_tablet=\u00bb25px|50px|50px|50px|false|true\u00bb custom_margin_phone=\u00bb|5px||5px|false|true\u00bb custom_margin_last_edited=\u00bbon|phone\u00bb custom_padding=\u00bb|5px||5px|false|true\u00bb global_colors_info=\u00bb{}\u00bb]<\/p>\n<p style=\"text-align: center;\"><span>Si algo quer\u00edamos cuando naci\u00f3 nuestra agencia de viajes era precisamente eso:\u00a0<strong>que nuestros paquetes de vacaciones a Maldivas estuvieran al alcance de todos los bolsillos<\/strong>. Aprovecha nuestros precios y se el protagonista de un viaje que no olvidar\u00e1s jam\u00e1s.<\/span><\/p>\n<h4 style=\"text-align: center;\"><strong>Excursiones y actividades para todos los gustos<\/strong><\/h4>\n<p style=\"text-align: center;\"><span>\u00bfTe pasar\u00edas semanas\u00a0<strong>tumbad@ en la arena<\/strong>? \u00bfTe va la adrenalina y te atreves a\u00a0<strong>nadar con el tibur\u00f3n ballena<\/strong>? \u00bfQuieres\u00a0<strong>bucear en las aguas m\u00e1s espectaculares<\/strong>? \u00bfBuscas un\u00a0<strong>plan rom\u00e1ntico<\/strong>? Sea lo que sea lo que buscas en tus vacaciones, est\u00e1 en\u00a0<strong>Loving Maldivas<\/strong>.<\/span><\/p>\n<h4 style=\"text-align: center;\"><strong>Viajareros empedernidos<\/strong><\/h4>\n<p style=\"text-align: center;\"><span><strong>Nos encanta tanto viajar como la gente viajera<\/strong>. No dudes m\u00e1s y contacta con Loving Maldivas o reservar tu paquetes de vacaciones a Maldivas online ahora! Nos encantar\u00e1 organizarte las vacaciones.<\/span><\/p>\n<p>[\/et_pb_text][et_pb_image src=\u00bbhttps:\/\/lovingmaldivas.es\/wp-content\/uploads\/2024\/10\/romantico.jpg\u00bb title_text=\u00bbromantico\u00bb disabled_on=\u00bboff|off|on\u00bb _builder_version=\u00bb4.27.2&#8243; _module_preset=\u00bbdefault\u00bb global_colors_info=\u00bb{}\u00bb][\/et_pb_image][\/et_pb_column][et_pb_column type=\u00bb1_2&#8243; _builder_version=\u00bb4.27.2&#8243; _module_preset=\u00bbdefault\u00bb background_image=\u00bbhttps:\/\/lovingmaldivas.es\/wp-content\/uploads\/2024\/10\/romantico.jpg\u00bb custom_padding_tablet=\u00bb\u00bb custom_padding_phone=\u00bb500px||||false|false\u00bb custom_padding_last_edited=\u00bbon|phone\u00bb global_colors_info=\u00bb{}\u00bb][\/et_pb_column][\/et_pb_row][\/et_pb_section]<\/p>\n","protected":false},"excerpt":{"rendered":"<p>La agencia de viajes especializada en vacaciones a MaldivasEl origen de Loving MaldivasLoving Maldivas es una\u00a0agencia de viajes especializada en las Islas Maldivas\u00a0que nace a principios de 2018 cuando decidimos hacer de nuestra pasi\u00f3n nuestro trabajo y fundamos Loving Maldivas.\u00a0\u00a0\u00a0 Nuestro objetivo fue el de\u00a0desmontar los estereotipos sobre Maldivas\u00a0y ofrecer\u00a0paquetes de vacaciones a Maldivas econ\u00f3micos\u00a0y [&hellip;]<\/p>\n","protected":false},"author":1,"featured_media":0,"parent":0,"menu_order":0,"comment_status":"closed","ping_status":"closed","template":"","meta":{"_et_pb_use_builder":"on","_et_pb_old_content":"","_et_gb_content_width":"","footnotes":""},"class_list":["post-39","page","type-page","status-publish","hentry"],"yoast_head":"<!-- This site is optimized with the Yoast SEO plugin v27.2 - https:\/\/yoast.com\/product\/yoast-seo-wordpress\/ -->\n<title>Loving Maldivas quienes somos - Loving Maldivas<\/title>\n<meta name=\"robots\" content=\"index, follow, max-snippet:-1, max-image-preview:large, max-video-preview:-1\" \/>\n<link rel=\"canonical\" href=\"https:\/\/lovingmaldivas.es\/index.php\/loving-maldivas-quienes-somos\/\" \/>\n<meta property=\"og:locale\" content=\"es_ES\" \/>\n<meta property=\"og:type\" content=\"article\" \/>\n<meta property=\"og:title\" content=\"Loving Maldivas quienes somos - Loving Maldivas\" \/>\n<meta property=\"og:description\" content=\"La agencia de viajes especializada en vacaciones a MaldivasEl origen de Loving MaldivasLoving Maldivas es una\u00a0agencia de viajes especializada en las Islas Maldivas\u00a0que nace a principios de 2018 cuando decidimos hacer de nuestra pasi\u00f3n nuestro trabajo y fundamos Loving Maldivas.\u00a0\u00a0\u00a0 Nuestro objetivo fue el de\u00a0desmontar los estereotipos sobre Maldivas\u00a0y ofrecer\u00a0paquetes de vacaciones a Maldivas econ\u00f3micos\u00a0y [&hellip;]\" \/>\n<meta property=\"og:url\" content=\"https:\/\/lovingmaldivas.es\/index.php\/loving-maldivas-quienes-somos\/\" \/>\n<meta property=\"og:site_name\" content=\"Loving Maldivas\" \/>\n<meta property=\"article:publisher\" content=\"https:\/\/www.facebook.com\/loving.maldivas\" \/>\n<meta property=\"article:modified_time\" content=\"2024-11-06T14:31:01+00:00\" \/>\n<meta name=\"twitter:card\" content=\"summary_large_image\" \/>\n<meta name=\"twitter:site\" content=\"@lovingmaldivas\" \/>\n<meta name=\"twitter:label1\" content=\"Tiempo de lectura\" \/>\n\t<meta name=\"twitter:data1\" content=\"7 minutos\" \/>\n<script type=\"application\/ld+json\" class=\"yoast-schema-graph\">{\"@context\":\"https:\/\/schema.org\",\"@graph\":[{\"@type\":\"WebPage\",\"@id\":\"https:\/\/lovingmaldivas.es\/index.php\/loving-maldivas-quienes-somos\/\",\"url\":\"https:\/\/lovingmaldivas.es\/index.php\/loving-maldivas-quienes-somos\/\",\"name\":\"Loving Maldivas quienes somos - Loving Maldivas\",\"isPartOf\":{\"@id\":\"https:\/\/lovingmaldivas.es\/#website\"},\"datePublished\":\"2024-10-29T11:18:19+00:00\",\"dateModified\":\"2024-11-06T14:31:01+00:00\",\"breadcrumb\":{\"@id\":\"https:\/\/lovingmaldivas.es\/index.php\/loving-maldivas-quienes-somos\/#breadcrumb\"},\"inLanguage\":\"es\",\"potentialAction\":[{\"@type\":\"ReadAction\",\"target\":[\"https:\/\/lovingmaldivas.es\/index.php\/loving-maldivas-quienes-somos\/\"]}]},{\"@type\":\"BreadcrumbList\",\"@id\":\"https:\/\/lovingmaldivas.es\/index.php\/loving-maldivas-quienes-somos\/#breadcrumb\",\"itemListElement\":[{\"@type\":\"ListItem\",\"position\":1,\"name\":\"Portada\",\"item\":\"https:\/\/lovingmaldivas.es\/\"},{\"@type\":\"ListItem\",\"position\":2,\"name\":\"Loving Maldivas quienes somos\"}]},{\"@type\":\"WebSite\",\"@id\":\"https:\/\/lovingmaldivas.es\/#website\",\"url\":\"https:\/\/lovingmaldivas.es\/\",\"name\":\"Loving Maldivas\",\"description\":\"Especialistas en viajes y vacaciones a las Islas Maldivas\",\"publisher\":{\"@id\":\"https:\/\/lovingmaldivas.es\/#organization\"},\"potentialAction\":[{\"@type\":\"SearchAction\",\"target\":{\"@type\":\"EntryPoint\",\"urlTemplate\":\"https:\/\/lovingmaldivas.es\/?s={search_term_string}\"},\"query-input\":{\"@type\":\"PropertyValueSpecification\",\"valueRequired\":true,\"valueName\":\"search_term_string\"}}],\"inLanguage\":\"es\"},{\"@type\":\"Organization\",\"@id\":\"https:\/\/lovingmaldivas.es\/#organization\",\"name\":\"Loving Maldivas\",\"url\":\"https:\/\/lovingmaldivas.es\/\",\"logo\":{\"@type\":\"ImageObject\",\"inLanguage\":\"es\",\"@id\":\"https:\/\/lovingmaldivas.es\/#\/schema\/logo\/image\/\",\"url\":\"https:\/\/lovingmaldivas.es\/wp-content\/uploads\/2024\/10\/logo2.png\",\"contentUrl\":\"https:\/\/lovingmaldivas.es\/wp-content\/uploads\/2024\/10\/logo2.png\",\"width\":256,\"height\":82,\"caption\":\"Loving Maldivas\"},\"image\":{\"@id\":\"https:\/\/lovingmaldivas.es\/#\/schema\/logo\/image\/\"},\"sameAs\":[\"https:\/\/www.facebook.com\/loving.maldivas\",\"https:\/\/x.com\/lovingmaldivas\",\"https:\/\/www.instagram.com\/lovingmaldivas\/\"]}]}<\/script>\n<!-- \/ Yoast SEO plugin. -->","yoast_head_json":{"title":"Loving Maldivas quienes somos - Loving Maldivas","robots":{"index":"index","follow":"follow","max-snippet":"max-snippet:-1","max-image-preview":"max-image-preview:large","max-video-preview":"max-video-preview:-1"},"canonical":"https:\/\/lovingmaldivas.es\/index.php\/loving-maldivas-quienes-somos\/","og_locale":"es_ES","og_type":"article","og_title":"Loving Maldivas quienes somos - Loving Maldivas","og_description":"La agencia de viajes especializada en vacaciones a MaldivasEl origen de Loving MaldivasLoving Maldivas es una\u00a0agencia de viajes especializada en las Islas Maldivas\u00a0que nace a principios de 2018 cuando decidimos hacer de nuestra pasi\u00f3n nuestro trabajo y fundamos Loving Maldivas.\u00a0\u00a0\u00a0 Nuestro objetivo fue el de\u00a0desmontar los estereotipos sobre Maldivas\u00a0y ofrecer\u00a0paquetes de vacaciones a Maldivas econ\u00f3micos\u00a0y [&hellip;]","og_url":"https:\/\/lovingmaldivas.es\/index.php\/loving-maldivas-quienes-somos\/","og_site_name":"Loving Maldivas","article_publisher":"https:\/\/www.facebook.com\/loving.maldivas","article_modified_time":"2024-11-06T14:31:01+00:00","twitter_card":"summary_large_image","twitter_site":"@lovingmaldivas","twitter_misc":{"Tiempo de lectura":"7 minutos"},"schema":{"@context":"https:\/\/schema.org","@graph":[{"@type":"WebPage","@id":"https:\/\/lovingmaldivas.es\/index.php\/loving-maldivas-quienes-somos\/","url":"https:\/\/lovingmaldivas.es\/index.php\/loving-maldivas-quienes-somos\/","name":"Loving Maldivas quienes somos - Loving Maldivas","isPartOf":{"@id":"https:\/\/lovingmaldivas.es\/#website"},"datePublished":"2024-10-29T11:18:19+00:00","dateModified":"2024-11-06T14:31:01+00:00","breadcrumb":{"@id":"https:\/\/lovingmaldivas.es\/index.php\/loving-maldivas-quienes-somos\/#breadcrumb"},"inLanguage":"es","potentialAction":[{"@type":"ReadAction","target":["https:\/\/lovingmaldivas.es\/index.php\/loving-maldivas-quienes-somos\/"]}]},{"@type":"BreadcrumbList","@id":"https:\/\/lovingmaldivas.es\/index.php\/loving-maldivas-quienes-somos\/#breadcrumb","itemListElement":[{"@type":"ListItem","position":1,"name":"Portada","item":"https:\/\/lovingmaldivas.es\/"},{"@type":"ListItem","position":2,"name":"Loving Maldivas quienes somos"}]},{"@type":"WebSite","@id":"https:\/\/lovingmaldivas.es\/#website","url":"https:\/\/lovingmaldivas.es\/","name":"Loving Maldivas","description":"Especialistas en viajes y vacaciones a las Islas Maldivas","publisher":{"@id":"https:\/\/lovingmaldivas.es\/#organization"},"potentialAction":[{"@type":"SearchAction","target":{"@type":"EntryPoint","urlTemplate":"https:\/\/lovingmaldivas.es\/?s={search_term_string}"},"query-input":{"@type":"PropertyValueSpecification","valueRequired":true,"valueName":"search_term_string"}}],"inLanguage":"es"},{"@type":"Organization","@id":"https:\/\/lovingmaldivas.es\/#organization","name":"Loving Maldivas","url":"https:\/\/lovingmaldivas.es\/","logo":{"@type":"ImageObject","inLanguage":"es","@id":"https:\/\/lovingmaldivas.es\/#\/schema\/logo\/image\/","url":"https:\/\/lovingmaldivas.es\/wp-content\/uploads\/2024\/10\/logo2.png","contentUrl":"https:\/\/lovingmaldivas.es\/wp-content\/uploads\/2024\/10\/logo2.png","width":256,"height":82,"caption":"Loving Maldivas"},"image":{"@id":"https:\/\/lovingmaldivas.es\/#\/schema\/logo\/image\/"},"sameAs":["https:\/\/www.facebook.com\/loving.maldivas","https:\/\/x.com\/lovingmaldivas","https:\/\/www.instagram.com\/lovingmaldivas\/"]}]}},"_links":{"self":[{"href":"https:\/\/lovingmaldivas.es\/index.php\/wp-json\/wp\/v2\/pages\/39","targetHints":{"allow":["GET"]}}],"collection":[{"href":"https:\/\/lovingmaldivas.es\/index.php\/wp-json\/wp\/v2\/pages"}],"about":[{"href":"https:\/\/lovingmaldivas.es\/index.php\/wp-json\/wp\/v2\/types\/page"}],"author":[{"embeddable":true,"href":"https:\/\/lovingmaldivas.es\/index.php\/wp-json\/wp\/v2\/users\/1"}],"replies":[{"embeddable":true,"href":"https:\/\/lovingmaldivas.es\/index.php\/wp-json\/wp\/v2\/comments?post=39"}],"version-history":[{"count":14,"href":"https:\/\/lovingmaldivas.es\/index.php\/wp-json\/wp\/v2\/pages\/39\/revisions"}],"predecessor-version":[{"id":17922,"href":"https:\/\/lovingmaldivas.es\/index.php\/wp-json\/wp\/v2\/pages\/39\/revisions\/17922"}],"wp:attachment":[{"href":"https:\/\/lovingmaldivas.es\/index.php\/wp-json\/wp\/v2\/media?parent=39"}],"curies":[{"name":"wp","href":"https:\/\/api.w.org\/{rel}","templated":true}]}}